514 - 293. Suppose 2*f + 39 = -z. Let j = -75 - f. Is j prime?
False
Let b = -297 - -178. Let p be 1/((-2)/(54 + 2)). Let o = p - b. Is o prime?
False
Let r(a) = a**2 - a - 4. Let f be r(3). Let n be 44/8 - 1/f. Suppose n*l = 222 + 133. Is l composite?
False
Let j = 66 - -97. Is j prime?
True
Is (23*1*-1)/(-16 + 15) a composite number?
False
Is 2 - 108/51 - (-37899)/51 prime?
True
Let l(x) = 12*x**2 + 1. Suppose 2*s + 4*z = -2, -s + 3*z = -2*s + 1. Let f be 1 - (-5)/(s/2). Is l(f) composite?
False
Suppose 5 = -4*b + 1. Let u = b - 2. Is (28/6)/((-2)/u) composite?
False
Let y = 324 + 354. Is 6/9*y/4 composite?
False
Suppose -5*r + 908 = -r. Let f = 438 - r. Is f prime?
True
Let r = -233 - -797. Let k = r + -313. Is k a prime number?
True
Let x be (-5 + (3 - 2))/1. Is (x/4)/((-3)/1113) prime?
False
Let b be 41/(-3) - (-2)/(-6). Let m = 1 - b. Is m composite?
True
Suppose -2 = 5*d - s + 75, 0 = -4*d - 3*s - 54. Let b = d - -48. Is b prime?
False
Let h(c) = -4*c**2 - 5*c + 10. Let z(r) = 5*r**2 + 6*r - 10. Let v(u) = -4*h(u) - 3*z(u). Let a be v(-7). Let f = 46 - a. Is f a prime number?
False
Let d be -2 + (-26 - 0/(-2)). Let x = d - -61. Is x prime?
False
Let k(n) = n**2 - 3*n - 4. Let q be k(4). Suppose q = -x + 5 + 1. Is x a prime number?
False
Let y be (4/2 - 1) + 4. Suppose y*q - 10 = -0*q. Suppose -34 = -q*x - 12. Is x a composite number?
False
Let l(a) be the second derivative of 5*a**3/2 + 2*a**2 + 3*a. Is l(3) a composite number?
True
Suppose -4*i = 10 - 26. Suppose 0 = 2*y + 3 + 5. Is (62/i)/((-2)/y) a prime number?
True
Suppose 4*x = -4*d + 1200, 2*d + x = 5*d - 896. Is d a composite number?
True
Let x(b) = 4*b + 7. Suppose 4*m = 3*m. Suppose -2*q + m*h + 2 = -5*h, -16 = -4*q + 4*h. Is x(q) a composite number?
False
Let v = 0 - 2. Let d = 1 + -94. Is 0 + (d/(-3) - v) prime?
False
Suppose 384 = 3*g - 63. Is g a prime number?
True
Let u = 3 - 0. Suppose u*m = -0*m + 267. Is m prime?
True
Let n = 309 + 248. Is n prime?
True
Let x(c) = -593*c - 1. Is x(-4) composite?
False
Suppose 2*l + 4*y + 11 = 3*y, 0 = 2*l + 3*y + 9. Let p(n) = -n**3 - 4*n**2 + 6*n + 1. Is p(l) prime?
True
Let q = 209 - 46. Let z = q - 54. Is z a prime number?
True
Let i(n) = 5*n**3 + 7*n**2 + 7*n - 1. Let y(g) = -4*g**3 - 7*g**2 - 7*g + 1. Let t(a) = 3*i(a) + 4*y(a). Is t(-6) a composite number?
False
Let u(b) = b**3 + 9*b**2 - b - 6. Let v be u(-9). Suppose 2*g - 3*y = 1, 2*g + 0*g + v*y = 7. Suppose -g*c = -0*c - 66. Is c a composite number?
True
Let w = -1040 - -2683. Is w prime?
False
Let v(l) = l**3 + 2*l**2 - 15*l + 7. Is v(10) a prime number?
False
Suppose -3*v = 5*y + 10 - 2, -2*v - 2*y = 0. Suppose d = 2*d + 2*l + 6, 0 = v*l + 4. Is d/10 + 1188/20 composite?
False
Let o(q) = -26*q - 1. Is o(-10) a composite number?
True
Let d = -108 + 60. Let i(l) = 6*l**2 + 4*l + 3. Let h be i(3). Let r = d + h. Is r a prime number?
False
Let g = -63 - -126. Let s be 1/(-4) + g/28. Suppose -3*b + k + 37 = 11, -5*b + 45 = -s*k. Is b a composite number?
False
Suppose 4 = -2*p + 4*l, p - l + 10 = 2*p. Let c be (-4)/(0 + 2) - -2. Suppose -d + p*d - 45 = c. Is d a prime number?
False
Let m(z) be the third derivative of 29*z**5/120 - z**4/24 - 2*z**3/3 - 4*z**2. Let t(j) be the first derivative of m(j). Is t(2) composite?
True
Suppose 1 - 34 = u. Suppose o = -5*f - 100, 5*f = -o - 3*o - 115. Let s = f - u. Is s a composite number?
True
Is (-2 - (-261)/5)/(1/5) composite?
False
Let x = -12 + 51. Is x a prime number?
False
Suppose -13*p + 14*p - 821 = 0. Is p a composite number?
False
Suppose -8 = -2*p + 4*p, -4*k + 9540 = 4*p. Is k a prime number?
True
Suppose -3*q + 3*t = -669, 3*t - 471 = -3*q + q. Let h = q - 163. Let k = h - 22. Is k a composite number?
False
Suppose -3*p + 5*p = 8, 5*p = -4*x + 36. Suppose x*t - 2*h - 14 = 0, -t + 6*t + 4*h = 24. Suppose 0 = f - t*f + 105. Is f prime?
False
Suppose h - 2*h = 2. Is (1/h)/(6/(-2220)) prime?
False
Let t(w) = -w**2 + 12*w - 6. Let s be t(11). Suppose 0 = s*z - 6*z + 163. Is z prime?
True
Suppose -16 = 4*s, 319 + 1687 = d + 3*s. Is d a prime number?
False
Suppose 3*x = 8*x - 415. Is x composite?
False
Let l(w) = -w**2 - 5*w + 1. Let x be l(-5). Is (45 - -2)*(x + 1) prime?
False
Let t = -294 - -485. Is t a prime number?
True
Let u be -4*1/((-1)/(-1)). Is (-3 + (-255)/12)*u prime?
True
Suppose -6*p + 5*w = -2*p - 1045, -5*p = 2*w - 1331. Suppose -6*l = -l - p. Is l prime?
True
Suppose -9 = -4*d + 3. Suppose -z - 5*p + 280 = z, 4*p + 443 = d*z. Is z prime?
False
Let s be (-6)/(-1) + (-4 - -2). Suppose -s*p + 1 + 3 = 0. Let j(q) = 23*q**2. Is j(p) a composite number?
False
Let h(d) = 19*d**3 + d**2 + 3*d + 1. Let y(x) = 77*x**3 + 4*x**2 + 13*x + 4. Let u(b) = -9*h(b) + 2*y(b). Is u(-2) composite?
True
Let t = 18 - 7. Suppose 48 = -s + 2*o, 2*s - 3*o + 96 = -2*o. Let m = t - s. Is m a composite number?
False
Let r(j) = -j**3 + 9*j**2 - j + 2. Let w be r(7). Suppose w = -4*s + 553. Is s composite?
True
Is (-38)/10 + 4 + (-2508)/(-10) a prime number?
True
Suppose 6 = 4*o - 2. Suppose -6*n = -o*n - 492. Is n composite?
True
Let n = 8 - 3. Suppose n*v - 27 - 128 = 0. Is v composite?
False
Let j be (1 - 10/(-4))*-6. Let v be (-4)/(-14) - 36/j. Suppose -v*x + 6*x = 56. Is x composite?
True
Is -3 - (-2 + 3 + -311) prime?
True
Suppose 159 + 157 = 4*r. Suppose 5*p + 4*g - r = 29, -3*p - 3*g + 66 = 0. Suppose 0 = 2*j - 114 + p. Is j prime?
True
Suppose 0*z + 3*z - 207 = 0. Is z a composite number?
True
Let d = 33 - 55. Let b = d + 40. Suppose 3*a + 0*a - b = 0. Is a composite?
True
Suppose -4*y = 33 + 7. Let w = y + 17. Is w composite?
False
Let c = -26 - -45. Is c a prime number?
True
Suppose 889 = 5*a + 4*s - 452, 273 = a + 2*s. Is a composite?
True
Let w = 643 + -288. Is w a composite number?
True
Let c(u) = -12*u + 3. Let s be c(-3). Let z = -2 + s. Is z prime?
True
Let a(c) = c**3 + 7*c**2 - 8*c - 2. Let k be a(-8). Is k/6 + (-658)/(-21) a prime number?
True
Suppose -1952 = -5*r + 283. Is r a composite number?
True
Suppose 2*r = r + x + 111, -448 = -4*r + 3*x. Is r composite?
True
Suppose -3*j - t + 2254 = 0, 0 = -5*j - 0*t - 3*t + 3758. Is j a composite number?
False
Let g(f) = -10*f - f + 2*f - 9 + 2*f**2. Let s be g(7). Is 3/(((-6)/s)/(-3)) a prime number?
False
Suppose 21*n - 17*n - 1508 = 0. Is n composite?
True
Suppose 5*x - 38519 = -8*x. Is x composite?
False
Let y = -555 - -2312. Is y prime?
False
Suppose -5*r - 20 + 0 = 5*y, -3*r - 18 = 5*y. Let i be (-2 - 6/y)*1. Suppose -2*p = -5*g + 50, -g - 3*p + 8 + 2 = i. Is g composite?
True
Suppose -y + 37 = -750. Is y composite?
False
Let d be 2/6 - (-348)/9. Let z = 76 - d. Is z prime?
True
Is (-2 - (-851)/(-1))*-1 composite?
False
Suppose 0 = -10*y + 5*y + 15. Suppose y*r = c + 3*c + 20, 20 = r - 4*c. Suppose -5*o = -r*o - 215. Is o composite?
False
Suppose -3*n + 8 = -1. Suppose 3*l - 5*a - 85 = 0, -3*l + 2*a - n*a = -109. Suppose -g + 36 = -l. Is g a composite number?
False
Suppose 3*c - 879 = 5*b, 3*c - 9*b = -12*b + 903. Is c a prime number?
False
Suppose 0 = -13*k + 10*k + 471. Is k a composite number?
False
Suppose -20 = -4*p - 5*t + 16, 4*p + t - 52 = 0. Is p prime?
False
Let k = -128 + 215. Is k a prime number?
False
Let r = -327 - -544. Suppose k = 3*z + 63 - r, -3*z = 2*k - 169. Is z composite?
False
Let a(m) = -m**2 - 13*m - 3. Let q = -29 - -20. Is a(q) prime?
False
Suppose 0 = -18*r + 23537 + 13273. Is r a composite number?
True
Let j = 3349 - 1790. Is j a composite number?
False
Suppose -3*c = -c - 46. Is c a composite number?
False
Suppose o - 5*o + 8 = 0. Let b be 16 + -1 + -1 + o. Let h = b - -79. Is h a prime number?
False
Suppose -d = -2*o - 16 + 4, 5*o - 10 = 0. Let h = -55 + d. Let f = h + 76. Is f a prime number?
True
Suppose 0*k + 2*k = -8. Let c be 30/(-7) + k/(-14). Is (2 - 0)*(-74)/c prime?
True
Let g = 102 - -291. Suppose 4*c = -0*c + k + g, 82 = c + 3*k. Is c prime?
True
Suppose 0 = m - q - 2*q - 1125, -q + 4474 = 4*m. Suppose -j = 2*j - m. Is j a composite number?
False
Suppose 2*f = 3*z - 0*f - 16239, 0 = -3*z + f + 16236. Is z prime?
False
Let c(x) = -96*x + 10. Is c(-3) prime?
False
Let q(l) = -16 + 11 - 5*l - 17. Is q(-16) a composite number?
True
Suppose 138 = q - 23. Is q a composite number?
True
Let q(d) = 28*d - 1. Is q(3) prime?
True
Suppose 11*o 